*i + 3. Suppose 4*j + 4*o - 12 - 16 = 0, 5*j - 5*o = -5. Suppose 4*s = 16, -k - j*s - 2*s = -18. Let v = k - -4. Give p(v).
-5
Let k(r) = -5*r**3 - r**2 - r + 1. Suppose -b - 3 = -6. Let p be b/((-2)/((-12)/(-9))). Let n = -1 - p. Calculate k(n).
-6
Let p = 3 - 2. Suppose -i - 7 = -3*x, -3*x - 4*i - 14 = -p. Suppose -d = -0*d - x. Let v(c) = -4*c**3 + c**2 - 2*c + 1. Calculate v(d).
-4
Let k(g) = g**3 - g - 1. Let z(c) = -5*c**3 - 4*c**2 + 4*c + 10. Let t(o) = 6*k(o) + z(o). Let w = 719 + -715. What is t(w)?
-4
Let g(n) = -1 + 7*n**2 + n**3 + 8 - n**2 + 0*n**2 + 2*n. Calculate g(-6).
-5
Let c(v) be the third derivative of v**5/60 - v**4/3 - 2*v**2 + 20. Calculate c(6).
-12
Let o(r) = -r**2 + 3*r + 5. Let g = -132 - -136. Give o(g).
1
Let s(x) = 4*x - 4*x + 3 + x**2 - 4*x - 2. Suppose 2*j - 2*u - 6 + 2 = 0, -5*u = -4*j + 12. Let w be 2 - (j - 4)/2. Calculate s(w).
6
Let v(t) = 3*t**2 - t. Let z be (-3)/18 - 267/18. Let o be (4/(-10))/(3/z). Calculate v(o).
10
Let q(v) = -v. Let k be q(5). Let y(p) be the third derivative of -p**5/60 - 5*p**4/24 - 41*p**2. Calculate y(k).
0
Let t(r) = 4*r**3 - r - 1. Suppose -3 = -z + 4*z. Calculate t(z).
-4
Let h(o) = 2*o + 5. Let w(v) be the first derivative of v**3/3 - 9*v**2/2 + 5*v + 1. Let d be w(9). Suppose -2*z = -z + d. Give h(z).
-5
Let l(m) = m + 2. Let h(r) = -r. Let o be h(-1). Suppose 0 = 2*c + 9 + o. Calculate l(c).
-3
Let a(h) be the second derivative of -h**4/12 - 2*h**3 - 2*h**2 + 27*h. Calculate a(-8).
28
Let a = 10 + -4. Let f(q) = q**3 - 7*q**2 + 7*q - 4. Determine f(a).
2
Let p(x) = 2*x. Suppose 4*d + y - 3 - 1 = 0, -8 = -5*d - 2*y. Let b be (2 + 1)*(-2)/(-3). Suppose d = -b*a - 0*a + 4. What is p(a)?
4
Let o be (1 - -2) + (0 - -1). Let z(t) = t**3 - 5*t**2 + 5*t - 4. Give z(o).
0
Let h = 5 - 8. Let i = 10 + -5. Let d(b) = -b + 3*b - i*b + 1 + 6*b. Give d(h).
-8
Suppose -2*b - 5 - 2 = -5*v, 5*v + 5*b = 0. Let r(y) = -17*y + 5*y**2 + 17*y + 5*y**3 - 1 - 3*y**2. Calculate r(v).
6
Let r = 8 - 8. Suppose 3*f - 6 = r, -5*f = -2*x - 3 - 5. Let z(g) = -3*g**2. Determine z(x).
-3
Suppose -4*u - 12 = v, 0*u - 2*u = -5*v - 16. Let q(s) = -3*s - 2. Give q(u).
4
Let l(s) = -s**3 + 7*s**2 - 7*s + 7. Suppose 7*t - 37 = 5. What is l(t)?
1
Let g(w) = w**3 + w**2 + w + 1. Suppose -3*q - k = 4, 7*k = -4*q + 2*k + 13. Let t be 6 + (-2 - 0)*-1. Let m be 5 + q + t/(-2). What is g(m)?
-5
Let t(g) = g**3 - 6*g**2 + 5*g - 3. Let d = 84 - 80. Give t(d).
-15
Let d be (-1)/4 + 45/20. Suppose -z + 3*z = -d*u + 6, 7 = 3*z + u. Let f(t) = -5 + 2*t - z - 4*t + t. Calculate f(-4).
-3
Let v(k) be the second derivative of -1/2*k**2 + 0 - 1/12*k**4 + k**3 + k. Determine v(5).
4
Let n(z) = z**3 + 6*z**2 + 5*z. Let x(h) = -h**2 + 5*h - 1. Let f(g) = -2*g**2 + 10*g - 3. Let p(q) = -2*f(q) + 5*x(q). Let r be p(6). Determine n(r).
0
Let p(x) = x**2 + x + 1. Suppose 8 = 2*v + 2*v. Determine p(v).
7
Let a(h) be the first derivative of h**4/4 + 2*h**3 + 2*h**2 - 7*h + 44. Determine a(-5).
-2
Let r(i) = i**2 + 4*i - 2. Let x = 16 - 6. Let n = x - 15. Let a be r(n). Let h(g) = g**2 - 4*g - 3. What is h(a)?
-6
Let l(r) = -6*r**3 - 7*r**2 - 9*r + 17. Let k(f) = 5*f**3 + 7*f**2 + 9*f - 16. Let g(q) = -7*k(q) - 6*l(q). Calculate g(8).
2
Let m(o) = -5*o**2. Let d(r) = -2*r**2 + r. Let y be d(2). Let f be ((-3)/y)/(1/(-2)). Determine m(f).
-5
Let f(z) = -1 - 3*z**3 - 4*z - z**2 + 2*z + 9*z**3. Let r(s) = s - 1. Let m(j) = -2*j + 2. Let y(w) = -2*m(w) - 5*r(w). Let v be y(2). What is f(v)?
-6
Let r(f) be the third derivative of -1/60*f**5 + 1/24*f**4 + 0 + 2*f**2 + 0*f + 1/2*f**3. Give r(3).
-3
Let u be 0 - (2 + -4) - 6. Let a be 12/(-4)*u/3. Let h = 4 - a. Let d(g) = -g**3. Determine d(h).
0
Let s(q) = 2*q - 1. Suppose -j + 13 - 11 = 0. Suppose y + j*x = 13, 5*x - 39 = -14. Determine s(y).
5
Let r(p) be the first derivative of -p**4/4 - 5*p**3/3 - 3*p**2/2 + 2*p - 36. What is r(-3)?
-7
Let r(k) be the first derivative of -1/3*k**3 + 1/2*k**2 - k + 3 + 1/4*k**4. Determine r(2).
5
Let l(o) = o**3 - o**2 - o - 1. Let d(f) = -f**3 - 5*f**2 + 6*f + 8. Let r(c) = d(c) + 2*l(c). Determine r(6).
-6
Let u(m) = -2 + 11*m**3 - 4*m**3 - 8*m**3 + m. Calculate u(-2).
4
Let m be 4 + (4/(-1) - 0). Let p(d) = 1 + 0 - d + 1. What is p(m)?
2
Let p(r) = -33*r**2 + 6*r + 14*r**2 + 3 + 20*r**2. What is p(-4)?
-5
Let s(q) = 2*q**2 - 4*q. Let b(j) = j**3 - 3*j**2 - 2*j - 2. Let y be b(4). Suppose y*d - d = 0. Let w be (d + 1)*(3 + 0). Give s(w).
6
Suppose -2*v + 5*o = -2 - 8, 4*v - 72 = -3*o. Suppose -v = 3*b - 2*c - c, 3*b = c - 13. Let u(a) = -a + 0*a - 1 - a**3 - 3 - 4*a**2. Determine u(b).
0
Let p(g) = 4*g**2 - 7*g. Suppose -27 = 3*c + 3*r, 3*c - 2*r = -3*r - 17. Let h(l) = -5*l**2 + 8*l + 1. Let x(f) = c*p(f) - 3*h(f). Give x(4).
-3
Let l(u) = u**3 + 6*u + 7 - 13 - 7*u**2 + 2*u**2. Give l(4).
2
Let m be 47 + -43 - (1 - (1 - -1)). Let b(n) = 4 - 2*n + 2 - n. Give b(m).
-9
Let s(o) be the third derivative of o**5/60 + o**4/4 + 5*o**3/6 - o**2. Let z be s(-5). Suppose z = -r - 0*r + 6. Let a(f) = f**2 - 7*f + 5. Give a(r).
-1
Let y(h) = -3*h + h - 3*h**2 + 5 + 2*h**2. Let q be y(-4). Let t(b) = -b**2 - 2*b. Give t(q).
-3
Let b(h) = -171 + 344 + 2*h - 2*h**3 - 170 + 3*h**3. Let f be (2/5)/((-1)/5). What is b(f)?
-9
Let h(x) = -2*x - 13. Let s be 9*2/((-2)/1). Let a be h(s). Suppose -2 = -5*b + 4*b + 3*m, -5*b - a*m = -30. Let o(r) = r**2 - 7*r + 7. Give o(b).
-3
Let d(z) be the first derivative of z**4/4 + 2*z**3/3 - 3*z**2/2 - 2*z + 5. Let f(j) = j**2 + 8*j + 9. Let s be f(-6). Determine d(s).
-2
Let p(f) = 2*f**3 + 3*f**2 - 5*f - 4. Let l(u) = -u**3 - 4*u**2 + 2*u + 5. Let c be l(-4). Give p(c).
-16
Suppose -6*x - 36 = -48. Let j(b) = -b**2 + 2*b - 3. What is j(x)?
-3
Let s(l) = 6*l**2 + 2 + 5 + 6*l - l**3 - 9*l**2 - 3. Let t be ((-44)/(-33))/((-1)/3). Give s(t).
-4
Let a be (-6)/(-30) + (19/5)/1. Let g(j) = -3*j + 2. Determine g(a).
-10
Let k(i) = -2*i**2 + 6*i + 7. Let u(f) = -f**2 + 5*f + 6. Let a(x) = 2*k(x) - 3*u(x). Calculate a(-4).
-8
Let c(l) be the third derivative of -7/24*l**4 - 5*l**2 + 0*l + 1/6*l**3 + 0. Give c(1).
-6
Let y be (-2 - -1) + 2/(-1). Let u be (4/y)/4*3. Let d(t) = -t**3 + t**2 + t. Let j(l) = 6*l**3 + 4*l**2 + 3*l. Let x(z) = 2*d(z) - j(z). Calculate x(u).
7
Suppose 2 + 3 = 5*l. Let r = l + 4. Let x(j) = j**2 - 6*j + 3. Determine x(r).
-2
Let f(k) = -4*k + 0 + k + 4. Suppose -22 = z + z. Let u(l) = l**3 + 10*l**2 - 12*l - 7. Let m be u(z). Give f(m).
-8
Let m(w) = -5*w**3 - w**2. Let k = -18 + 19. Give m(k).
-6
Let n(y) = -y**3 - 7*y**2 - 5*y + 7. Let k(u) = 3*u**3 + 20*u**2 + 14*u - 20. Let c(f) = 6*k(f) + 17*n(f). Give c(0).
-1
Let j(f) = f + 10. Let a be j(-10). Suppose a = -0*m - 2*m + 2. Let n(d) = m - 3*d + d + 3 - 5. What is n(-2)?
3
Let j(q) be the second derivative of q**5/20 - q**4/12 + q**3/2 - q**2/2 + 24*q. Give j(3).
26
Let b(r) be the third derivative of -r**4/8 + 2*r**3/3 - 34*r**2. Let k(g) = g**3 - 4*g**2 + 3. Let d be k(4). Give b(d).
-5
Suppose -6 = i - 21. Let m be (-6)/i + (-28)/5. Let x(a) = -a**3 - 6*a**2 - 8. Determine x(m).
-8
Let s(l) be the third derivative of -l**8/3360 + l**7/1260 + l**5/60 + l**4/24 - l**2. Let m(h) be the second derivative of s(h). Calculate m(2).
-6
Let l(w) = 4*w**3 - w**3 - 7*w**3 + w**2 + 7*w**3. Suppose g - 3 = -2. Determine l(g).
4
Let h be 2 - ((-2 - 6) + 2). Let q(p) = h - 9*p + 14*p - 6*p. Give q(0).
8
Suppose 2 = 3*r + x - 26, -37 = -4*r - x. Let i(y) = -y + 6. Determine i(r).
-3
Suppose 8 = 5*r - 7. Suppose z = -4*z - h + 24, -r*z + 20 = 2*h. Suppose 0*p = z*p - 12. Let v(f) = -f**3 + 2*f**2 + 2*f + 2. Determine v(p).
-1
Let y(p) be the first derivative of 7/2*p**2 - 1 - 1/6*p**3 + p. Let z(c) be the first derivative of y(c). Determine z(4).
3
Let o(n) be the second derivative of -n + 0 - 1/12*n**4 + 1/6*n**3 - 1/2*n**2. Let t = 0 + 0. Determine o(t).
-1
Let f be 0*3/6*-1. Let l = 5 + f. Suppose 4*p - 2*y - 22 = 2, l*y + 12 = -2*p. Let c(z) = z**3 - 4*z**2 - z + 5. Calculate c(p).
1
Let i(m) = -4*m**2 - m - 6. Let h(v) = -5*v**2 - v - 5. Let b(w) = -5*h(w) + 4*i(w). What is b(-1)?
9
Let v(x) = 4 - 2 - x - 1. Suppose -1 = -l - 13. Let k be 3/l + 2/8. What is v(k)?
1
Suppose -a + 6*a = 25. Suppose -21 + 6 = -a*j. Let q(c) = -c**2 + 4*c. Calculate q(j).
3
Let i = -3 + 5. Le